{"id":93,"date":"2012-02-12T22:07:51","date_gmt":"2012-02-12T20:07:51","guid":{"rendered":"http:\/\/www.liepaja.adventisti.lv\/?page_id=93"},"modified":"2024-07-29T16:05:14","modified_gmt":"2024-07-29T13:05:14","slug":"kontakti","status":"publish","type":"page","link":"https:\/\/www.liepaja.adventisti.lv\/?page_id=93","title":{"rendered":"Kontakti"},"content":{"rendered":"<p>Adrese: Uliha iela 70, LV3401, Liep\u0101ja<\/p>\n<p>&nbsp;<\/p>\n<p>Re\u0123.Nr. 90000161715<br \/>\nBanka: SEB Banka<br \/>\nBankas kods: UNLALV2X<br \/>\nKonta Nr. LV86UNLA0050006857785<\/p>\n<p>&nbsp;<\/p>\n<p>M\u0101c\u012bt\u0101js: Vilnis Latgalis<br \/>\nTelefons:\u00a0(+371) 26420077<br \/>\nE-pasts:\u00a0vilnis.latgalis@gmail.com<\/p>\n<p>Draudzes vec\u0101kais:\u00a0Andris Treihlers ( +371 29156981)<br \/>\nDraudzes sekret\u0101rs: Normunds Trumpenieks\u00a0(+371 29389780)<br \/>\nDraudzes mantzinis (kasieris): Gundars Venens\u00a0(+371 26585563)<\/p>\n","protected":false},"excerpt":{"rendered":"<p>Adrese: Uliha iela 70, LV3401, Liep\u0101ja &nbsp; Re\u0123.Nr. 90000161715 Banka: SEB Banka Bankas kods: UNLALV2X Konta Nr. LV86UNLA0050006857785 &nbsp; M\u0101c\u012bt\u0101js: Vilnis Latgalis Telefons:\u00a0(+371) 26420077 E-pasts:\u00a0vilnis.latgalis@gmail.com Draudzes vec\u0101kais:\u00a0Andris Treihlers ( +371 29156981) Draudzes sekret\u0101rs: Normunds Trumpenieks\u00a0(+371 29389780) Draudzes mantzinis (kasieris): Gundars Venens\u00a0(+371 26585563)<\/p>\n","protected":false},"author":1,"featured_media":0,"parent":0,"menu_order":0,"comment_status":"open","ping_status":"open","template":"","meta":{"footnotes":""},"_links":{"self":[{"href":"https:\/\/www.liepaja.adventisti.lv\/index.php?rest_route=\/wp\/v2\/pages\/93"}],"collection":[{"href":"https:\/\/www.liepaja.adventisti.lv\/index.php?rest_route=\/wp\/v2\/pages"}],"about":[{"href":"https:\/\/www.liepaja.adventisti.lv\/index.php?rest_route=\/wp\/v2\/types\/page"}],"author":[{"embeddable":true,"href":"https:\/\/www.liepaja.adventisti.lv\/index.php?rest_route=\/wp\/v2\/users\/1"}],"replies":[{"embeddable":true,"href":"https:\/\/www.liepaja.adventisti.lv\/index.php?rest_route=%2Fwp%2Fv2%2Fcomments&post=93"}],"version-history":[{"count":31,"href":"https:\/\/www.liepaja.adventisti.lv\/index.php?rest_route=\/wp\/v2\/pages\/93\/revisions"}],"predecessor-version":[{"id":1594,"href":"https:\/\/www.liepaja.adventisti.lv\/index.php?rest_route=\/wp\/v2\/pages\/93\/revisions\/1594"}],"wp:attachment":[{"href":"https:\/\/www.liepaja.adventisti.lv\/index.php?rest_route=%2Fwp%2Fv2%2Fmedia&parent=93"}],"curies":[{"name":"wp","href":"https:\/\/api.w.org\/{rel}","templated":true}]}}